 = -b + 176, -180 = -3*r + 3*b. List the prime factors of r.
59
What are the prime factors of -1 - -162 - 14/14?
2, 5
Let x be 0*2*(-1)/4. Suppose 0 = y + 2, x = -3*d - 3*y - y - 38. Let k = d - -16. What are the prime factors of k?
2, 3
Let d = -10 + 3. Let k(w) = w + 1. Let j(s) = -4*s - 1. Let z(g) = j(g) + 3*k(g). What are the prime factors of z(d)?
3
Let u = 59 + -27. What are the prime factors of u?
2
Let o = -4 + 4. Suppose 0 = -5*v + 152 + 28. Suppose o*k - 2*k = -v. What are the prime factors of k?
2, 3
Suppose 12 = -5*c + 2. What are the prime factors of 3/(-6) + (-25)/c?
2, 3
Let x(m) = m**3 - 9*m**2 + 12*m - 4. Let z be x(8). Let a = -17 + z. List the prime factors of a.
11
Suppose x = 2*g + 30, 5*g + 2 - 7 = 0. Suppose 3*f - x = -f. List the prime factors of f.
2
Let k = 2 + -2. Let d be 2/((-8)/(-3) + -2). Suppose 5*f - q - 22 = k, -5*f - d*q + 28 = -2*q. What are the prime factors of f?
5
List the prime factors of 36/(-16)*32/(-6).
2, 3
Let p be ((-4)/12)/(1/(-6)). Suppose -p*d = -6*d + 12. Suppose -h - d*h = -20. List the prime factors of h.
5
Let k(x) = x**3 - 5*x**2 + 5*x. Let u be k(4). Suppose -u*v + 0*v + 80 = 0. List the prime factors of v.
2, 5
Suppose 20 = -3*k + 5*k. What are the prime factors of k?
2, 5
Let y(d) = d - 3 + 1 + 1 - 1. Let z be y(4). List the prime factors of z/(-6) - 136/(-12).
11
Let m = 14 - 11. Suppose m + 117 = 5*w. What are the prime factors of w?
2, 3
Let v be (-210)/(-3) + 2/2. Suppose 6*w - v = 3*w - 4*a, 3*a = 4*w - 78. List the prime factors of w.
3, 7
Let c = 57 - 28. What are the prime factors of c?
29
Suppose -3*o - 3*v = -240, -3*v + 76 = -2*o + 216. Suppose 5*g + 6 = o. List the prime factors of g.
2, 7
Suppose b = 3*b - 30. Let c(f) = -5*f - 44. Let i be c(-9). Let h = i + b. What are the prime factors of h?
2
Suppose -14*z + 13*z = -61. List the prime factors of z.
61
Suppose -28 = -b - k + 105, -4*b + 560 = -3*k. List the prime factors of b.
137
Suppose -2*v + 1 = -3. Suppose 0*f - 2*d + 44 = 5*f, -46 = -4*f + v*d. Let q = 14 - f. List the prime factors of q.
2
Let n(z) = z**2 + 2. Let l = -3 + 3. Let c be n(l). Let m = c + 10. List the prime factors of m.
2, 3
Let y(q) = -q**2 - 4*q + 174. List the prime factors of y(0).
2, 3, 29
Let u(j) = -j**3 - 23*j**2 - 29*j + 6. List the prime factors of u(-22).
2, 5
Let v(f) = f**3 - 20*f**2 - 12*f - 36. What are the prime factors of v(21)?
3, 17
Suppose -15 = -5*u, 3*m + 2*u = -0*u + 117. List the prime factors of m.
37
Let m(t) = -t**3 + 11*t**2 - 7*t + 17. List the prime factors of m(8).
3, 17
Let p(t) be the second derivative of t**5/20 + 5*t**4/12 - 4*t**3/3 - 3*t**2/2 - 2*t. List the prime factors of p(-6).
3
Let j(i) = 57*i**2 - 2*i - 1. Let p be j(-1). Let m = -33 + p. What are the prime factors of m?
5
What are the prime factors of ((-2010)/(-7))/3 - (-2)/7?
2, 3
Let j(m) = 2*m**2 - 5*m + 1. Let n be j(4). Let v be 2*1/(-2) + n. Suppose -v = -2*q - 2*q. List the prime factors of q.
3
Suppose 5*l = 2*l + 9. What are the prime factors of l?
3
Let i be (-6)/21 + (-288)/(-28). Let o = -3 + i. List the prime factors of o.
7
Let q = 34 - -77. What are the prime factors of q?
3, 37
Let m(j) = -2*j - 9. Let f be m(-8). Let c(n) = n**2 - 6*n - 7. Let w be c(f). Suppose -2*l + w*l + 10 = 0. List the prime factors of l.
5
Let p = -10 - -5. Let w = p + 15. List the prime factors of w.
2, 5
Suppose 3*w + 2*b - 368 = 0, -w + 0*b - 2*b + 120 = 0. Suppose w + 61 = 5*j. What are the prime factors of j?
37
Suppose -4*p + 6 = 5*h - 22, 0 = -4*p - 12. List the prime factors of h.
2
List the prime factors of 1/5 + (-5138)/(-35) + -6.
3, 47
Let d(q) = q**3 + 4*q**2 - 3*q - 1. What are the prime factors of d(-4)?
11
Suppose -6 + 1 = s. List the prime factors of s/((-15)/(-24))*-1.
2
Let z(q) = -28*q - 10. List the prime factors of z(-3).
2, 37
Let o be 47 + 2 + -1 + -3. Suppose -95 = -5*c + o. What are the prime factors of c?
2, 7
Let g(b) = 5*b**2 + b + 1. Let n be g(-1). What are the prime factors of -1 + 5 - (-6 + n)?
5
Let r = -3 + 5. Suppose -5*x + 12 = r. Suppose -3*f + 16 = -0*f - 2*a, -x*f - 3*a = -2. List the prime factors of f.
2
Suppose 19*v - 23*v = -808. What are the prime factors of v?
2, 101
What are the prime factors of 40/6*(-576)/(-30)?
2
Suppose 93 = 3*g - 63. What are the prime factors of g?
2, 13
Let a be (-35 - 1)*4/(-6). Let u(s) = s**2 - s - 8. Let r be u(-6). Let w = r - a. What are the prime factors of w?
2, 5
Let u(q) = -q**2 + q + 1. Let k(f) = 4*f**2 - 3*f - 28. Let d(y) = -k(y) - 3*u(y). List the prime factors of d(0).
5
List the prime factors of -5 + 4 - (3 - 46).
2, 3, 7
Let h(l) = -l + 8. Let m be h(4). Let i(a) = 2*a - m*a + a - 2*a - 6. List the prime factors of i(-7).
3, 5
Let q = -11 - 21. Let r = -21 - q. List the prime factors of r.
11
Let g(k) = k**3 + 22*k**2 - 11*k - 44. What are the prime factors of g(-22)?
2, 3, 11
Suppose -2*h = -5*u - 15, -2*h + 3*h - u = 15. List the prime factors of h.
2, 5
Let r be 17/(-2) - (-8)/(-16). Suppose -3 = 3*b - 0. Let t = b - r. What are the prime factors of t?
2
Let r(y) = 2*y**2 + 0*y - 1 + 1 + 3 - 5*y. What are the prime factors of r(4)?
3, 5
Suppose 3*i - 8 = -h, -4*i = 4*h + i - 39. Let x = 32 + h. Let l = x - 28. What are the prime factors of l?
3, 5
Let z(a) = 5*a - 52. Let c(n) = 4*n - 51. Let x(b) = -7*c(b) + 6*z(b). What are the prime factors of x(0)?
3, 5
Suppose 14 = 5*r - 6. List the prime factors of 38 - (r - (0 - -4)).
2, 19
Let g be -6*(-3 + 0) - 0. Let m = -12 + g. Suppose 0 = 2*t - 0 - m. List the prime factors of t.
3
Let m = -10 - -30. What are the prime factors of m?
2, 5
Let g(b) = b + 8. Let c be g(-11). What are the prime factors of (-2)/c*3 - -25?
3
Let t(m) = -8*m + 2*m**3 + 3*m**2 + 3*m - m**3. Let o = 0 - 4. What are the prime factors of t(o)?
2
Suppose -3*c = 2*y - 15, -2*y - 4 - 2 = -4*c. Suppose -c*r = -2*r - 4. What are the prime factors of r?
2
Suppose -2*u + 38 = 5*q, 5*u + 4 = u. Suppose -3*m - 165 = -q*m. List the prime factors of m.
3, 11
Let s be ((-2)/2)/(-1 + 0). Suppose 0*t + 3*v = 5*t - s, v - 1 = t. List the prime factors of -18*(-2 + 3/t).
3
Let r(q) = 8*q + 135. List the prime factors of r(0).
3, 5
Let z be 9/(-6)*40/6. What are the prime factors of (-2)/z - 420/(-25)?
17
Let f(b) = -b**3 - 5*b**2 - 4*b - 1. What are the prime factors of f(-6)?
59
Suppose 2 = 2*h - 0, 2*d = -2*h + 142. List the prime factors of d.
2, 5, 7
Let m be 3/((0 - -1)/11). Let a(f) = 4*f + 1. Let r be a(1). Suppose 0 = r*t - m - 12. List the prime factors of t.
3
Let o = 25 - 14. List the prime factors of o.
11
Suppose 0*d + 12 = 2*d. Let w be 16/7 - (-2)/(-7). Let r = d - w. What are the prime factors of r?
2
Let g be 16/(-1 - 1) - 0. Let z = 24 - 40. List the prime factors of (-200)/z*g/(-10).
2, 5
Let t = -14 - -31. What are the prime factors of t?
17
Suppose 2*h - 5*w - 17 = 0, 5*w - 16 + 49 = 3*h. Let p = h - 10. What are the prime factors of p?
2, 3
What are the prime factors of (5 - (-385)/15) + (-4)/6?
2, 3, 5
Suppose -3*b = -69 - 210. List the prime factors of b.
3, 31
List the prime factors of (9/4)/((-2)/(-48)).
2, 3
Let s(b) = b**3 + 8*b**2 - 12*b - 2. Suppose 15 = -5*u - 30. List the prime factors of s(u).
5
Let j = 120 - 90. List the prime factors of j.
2, 3, 5
Let y(h) = 5 - 2 + 6*h - h**2 + 0. Let z(p) = 2*p - 4. Let j be z(5). List the prime factors of y(j).
3
Let a be 2*-1*(-1)/1. Let x(r) = -2*r + 1. Let i be x(-2). Suppose -28 = -2*w + 5*z, -a*w - i*z = -3*w + 19. What are the prime factors of w?
3
What are the prime factors of ((-332)/(-12))/(6/18)?
83
Let p = 5 - -22. Let u = p - 12. What are the prime factors of u?
3, 5
Suppose -y = -19 - 88. List the prime factors of y.
107
Let u = -40 - -92. List the prime factors of u.
2, 13
Let d be (-38)/(-14) - 2/(-7). Suppose d*z = u + 16 - 56, 3*z - 235 = -4*u. Suppose -3*x - 2*x + u = 0. List the prime factors of x.
11
List the prime factors of 8520/100 - (-1 + (-2)/(-10)).
2, 43
Suppose -11*g + 14*g - 756 = -3*v, 5*g = 0. List the prime factors of v.
2, 3, 7
Suppose 0 = 2*w + q - 470, -253 = -w - q - 4*q. List the prime factors of w.
233
Suppose -4*y + 5 = -3*y. Suppose -2*s = -y*q + 104, -3*q + s = -0*s - 62. List the prime factors of q.
2, 5
Suppose y + 9 + 2 = d, 4*d - y = 29. Let f be (68/